{"id":1621,"date":"2023-09-25T10:15:45","date_gmt":"2023-09-25T10:15:45","guid":{"rendered":"https:\/\/jacoblahn.dk\/?page_id=1621"},"modified":"2024-05-07T10:24:11","modified_gmt":"2024-05-07T10:24:11","slug":"om-jacob-lahn","status":"publish","type":"page","link":"https:\/\/jacoblahn.dk\/?page_id=1621","title":{"rendered":"Om Jacob Lahn"},"content":{"rendered":"<style>.kb-row-layout-id1621_efa31c-3f > .kt-row-column-wrap{align-content:center;}:where(.kb-row-layout-id1621_efa31c-3f > .kt-row-column-wrap) > .wp-block-kadence-column{justify-content:center;}.kb-row-layout-id1621_efa31c-3f > .kt-row-column-wrap{column-gap:var(--global-kb-gap-md, 2rem);row-gap:var(--global-kb-gap-md, 2rem);max-width:var( --global-content-width, 1290px );padding-left:var(--global-content-edge-padding);padding-right:var(--global-content-edge-padding);padding-top:var(--global-kb-spacing-xl, 4rem);padding-bottom:var(--global-kb-spacing-xl, 4rem);grid-template-columns:repeat(2, minmax(0, 1fr));}.kb-row-layout-id1621_efa31c-3f > .kt-row-layout-overlay{opacity:0.30;}@media all and (max-width: 1024px){.kb-row-layout-id1621_efa31c-3f > .kt-row-column-wrap{grid-template-columns:repeat(2, minmax(0, 1fr));}}@media all and (max-width: 767px){.kb-row-layout-id1621_efa31c-3f > .kt-row-column-wrap{grid-template-columns:minmax(0, 1fr);}}<\/style><div class=\"kb-row-layout-wrap kb-row-layout-id1621_efa31c-3f alignfull has-theme-palette9-background-color kt-row-has-bg wp-block-kadence-rowlayout\"><div class=\"kt-row-column-wrap kt-has-2-columns kt-row-layout-equal kt-tab-layout-inherit kt-mobile-layout-row kt-row-valign-middle kb-theme-content-width\">\n<style>.kadence-column1621_244790-a3 > .kt-inside-inner-col{display:flex;}.kadence-column1621_244790-a3 > .kt-inside-inner-col{padding-right:var(--global-kb-spacing-md, 2rem);padding-left:var(--global-kb-spacing-md, 2rem);}.kadence-column1621_244790-a3 > .kt-inside-inner-col,.kadence-column1621_244790-a3 > .kt-inside-inner-col:before{border-top-left-radius:0px;border-top-right-radius:0px;border-bottom-right-radius:0px;border-bottom-left-radius:0px;}.kadence-column1621_244790-a3 > .kt-inside-inner-col{column-gap:var(--global-kb-gap-sm, 1rem);}.kadence-column1621_244790-a3 > .kt-inside-inner-col{flex-direction:column;justify-content:center;}.kadence-column1621_244790-a3 > .kt-inside-inner-col > .aligncenter{width:100%;}.kt-row-column-wrap > .kadence-column1621_244790-a3{align-self:center;}.kt-inner-column-height-full:not(.kt-has-1-columns) > .wp-block-kadence-column.kadence-column1621_244790-a3{align-self:auto;}.kt-inner-column-height-full:not(.kt-has-1-columns) > .wp-block-kadence-column.kadence-column1621_244790-a3 > .kt-inside-inner-col{flex-direction:column;justify-content:center;}.kadence-column1621_244790-a3 > .kt-inside-inner-col:before{opacity:0.3;}.kadence-column1621_244790-a3{position:relative;}@media all and (max-width: 1024px){.kt-row-column-wrap > .kadence-column1621_244790-a3{align-self:center;}}@media all and (max-width: 1024px){.kt-inner-column-height-full:not(.kt-has-1-columns) > .wp-block-kadence-column.kadence-column1621_244790-a3{align-self:auto;}}@media all and (max-width: 1024px){.kt-inner-column-height-full:not(.kt-has-1-columns) > .wp-block-kadence-column.kadence-column1621_244790-a3 > .kt-inside-inner-col{flex-direction:column;justify-content:center;}}@media all and (max-width: 1024px){.kadence-column1621_244790-a3 > .kt-inside-inner-col{flex-direction:column;justify-content:center;}}@media all and (max-width: 767px){.kt-row-column-wrap > .kadence-column1621_244790-a3{align-self:center;}.kt-inner-column-height-full:not(.kt-has-1-columns) > .wp-block-kadence-column.kadence-column1621_244790-a3{align-self:auto;}.kt-inner-column-height-full:not(.kt-has-1-columns) > .wp-block-kadence-column.kadence-column1621_244790-a3 > .kt-inside-inner-col{flex-direction:column;justify-content:center;}.kadence-column1621_244790-a3 > .kt-inside-inner-col{flex-direction:column;justify-content:center;}}<\/style>\n<div class=\"wp-block-kadence-column kadence-column1621_244790-a3\"><div class=\"kt-inside-inner-col\"><style>.wp-block-kadence-advancedheading.kt-adv-heading1621_e8d611-ab, .wp-block-kadence-advancedheading.kt-adv-heading1621_e8d611-ab[data-kb-block=\"kb-adv-heading1621_e8d611-ab\"]{text-align:left;font-size:var(--global-kb-font-size-xl, 3rem);line-height:1.2;font-style:normal;}.wp-block-kadence-advancedheading.kt-adv-heading1621_e8d611-ab mark.kt-highlight, .wp-block-kadence-advancedheading.kt-adv-heading1621_e8d611-ab[data-kb-block=\"kb-adv-heading1621_e8d611-ab\"] mark.kt-highlight{font-style:normal;color:#f76a0c;-webkit-box-decoration-break:clone;box-decoration-break:clone;padding-top:0px;padding-right:0px;padding-bottom:0px;padding-left:0px;}.wp-block-kadence-advancedheading.kt-adv-heading1621_e8d611-ab img.kb-inline-image, .wp-block-kadence-advancedheading.kt-adv-heading1621_e8d611-ab[data-kb-block=\"kb-adv-heading1621_e8d611-ab\"] img.kb-inline-image{width:150px;vertical-align:baseline;}@media all and (max-width: 1024px){.wp-block-kadence-advancedheading.kt-adv-heading1621_e8d611-ab, .wp-block-kadence-advancedheading.kt-adv-heading1621_e8d611-ab[data-kb-block=\"kb-adv-heading1621_e8d611-ab\"]{font-size:var(--global-kb-font-size-lg, 2rem);}}<\/style>\n<h2 class=\"kt-adv-heading1621_e8d611-ab wp-block-kadence-advancedheading has-theme-palette-3-color has-text-color\" data-kb-block=\"kb-adv-heading1621_e8d611-ab\">Om Jacob Lahn<\/h2>\n\n\n<style>.wp-block-kadence-advancedheading.kt-adv-heading1621_50b04b-bf, .wp-block-kadence-advancedheading.kt-adv-heading1621_50b04b-bf[data-kb-block=\"kb-adv-heading1621_50b04b-bf\"]{text-align:left;font-style:normal;}.wp-block-kadence-advancedheading.kt-adv-heading1621_50b04b-bf mark.kt-highlight, .wp-block-kadence-advancedheading.kt-adv-heading1621_50b04b-bf[data-kb-block=\"kb-adv-heading1621_50b04b-bf\"] mark.kt-highlight{font-style:normal;color:#f76a0c;-webkit-box-decoration-break:clone;box-decoration-break:clone;padding-top:0px;padding-right:0px;padding-bottom:0px;padding-left:0px;}.wp-block-kadence-advancedheading.kt-adv-heading1621_50b04b-bf img.kb-inline-image, .wp-block-kadence-advancedheading.kt-adv-heading1621_50b04b-bf[data-kb-block=\"kb-adv-heading1621_50b04b-bf\"] img.kb-inline-image{width:150px;vertical-align:baseline;}<\/style>\n<p class=\"kt-adv-heading1621_50b04b-bf wp-block-kadence-advancedheading has-theme-palette-3-color has-text-color\" data-kb-block=\"kb-adv-heading1621_50b04b-bf\">Jeg har siden mine uddannelser altid tegnet haver og anl\u00e6g, og efter bedste hukommelse er der blevet lavet mere end 300 stk. unikke havetegninger igennem \u00e5rene. Jeg g\u00f8r mig altid umage med at finde individuelle l\u00f8sninger, som passer netop til haven og kundens \u00f8nsker, og har altid en t\u00e6t dialog med udformning og design. <\/p>\n\n\n<style>.wp-block-kadence-advancedheading.kt-adv-heading1621_e897b7-a8, .wp-block-kadence-advancedheading.kt-adv-heading1621_e897b7-a8[data-kb-block=\"kb-adv-heading1621_e897b7-a8\"]{text-align:left;font-style:normal;}.wp-block-kadence-advancedheading.kt-adv-heading1621_e897b7-a8 mark.kt-highlight, .wp-block-kadence-advancedheading.kt-adv-heading1621_e897b7-a8[data-kb-block=\"kb-adv-heading1621_e897b7-a8\"] mark.kt-highlight{font-style:normal;color:#f76a0c;-webkit-box-decoration-break:clone;box-decoration-break:clone;padding-top:0px;padding-right:0px;padding-bottom:0px;padding-left:0px;}.wp-block-kadence-advancedheading.kt-adv-heading1621_e897b7-a8 img.kb-inline-image, .wp-block-kadence-advancedheading.kt-adv-heading1621_e897b7-a8[data-kb-block=\"kb-adv-heading1621_e897b7-a8\"] img.kb-inline-image{width:150px;vertical-align:baseline;}<\/style>\n<p class=\"kt-adv-heading1621_e897b7-a8 wp-block-kadence-advancedheading has-theme-palette-3-color has-text-color\" data-kb-block=\"kb-adv-heading1621_e897b7-a8\">I valg af materialer og i forslag til arbejdet\/ pasningen er der lagt v\u00e6gt p\u00e5 l\u00f8sninger, som holder sig p\u00e6ne igennem hele \u00e5ret, og som ofte bliver smukkere med alderen.<\/p>\n\n\n<style>.wp-block-kadence-advancedbtn.kb-btns1621_d00626-b2{gap:var(--global-kb-gap-xs, 0.5rem );justify-content:center;align-items:center;}.kt-btns1621_d00626-b2 .kt-button{font-weight:normal;font-style:normal;}.kt-btns1621_d00626-b2 .kt-btn-wrap-0{margin-right:5px;}.wp-block-kadence-advancedbtn.kt-btns1621_d00626-b2 .kt-btn-wrap-0 .kt-button{color:#555555;border-color:#555555;}.wp-block-kadence-advancedbtn.kt-btns1621_d00626-b2 .kt-btn-wrap-0 .kt-button:hover, .wp-block-kadence-advancedbtn.kt-btns1621_d00626-b2 .kt-btn-wrap-0 .kt-button:focus{color:#ffffff;border-color:#444444;}.wp-block-kadence-advancedbtn.kt-btns1621_d00626-b2 .kt-btn-wrap-0 .kt-button::before{display:none;}.wp-block-kadence-advancedbtn.kt-btns1621_d00626-b2 .kt-btn-wrap-0 .kt-button:hover, .wp-block-kadence-advancedbtn.kt-btns1621_d00626-b2 .kt-btn-wrap-0 .kt-button:focus{background:#444444;}<\/style>\n<div class=\"wp-block-kadence-advancedbtn kb-buttons-wrap kb-btns1621_d00626-b2\"><style>.wp-block-kadence-advancedbtn .kb-btn1621_004b6c-cd.kb-button, ul.menu .wp-block-kadence-advancedbtn .kb-btn1621_004b6c-cd.kb-button{width:153px;}<\/style><a class=\"kb-button kt-button button kb-btn1621_004b6c-cd kt-btn-size-standard kt-btn-width-type-fixed kb-btn-global-inherit  kt-btn-has-text-true kt-btn-has-svg-false  wp-block-button__link wp-block-kadence-singlebtn\" href=\"https:\/\/jacoblahn.dk\/?page_id=1620\"><span class=\"kt-btn-inner-text\">Kontakt mig<\/span><\/a>\n\n<style>.wp-block-kadence-advancedbtn .kb-btn1621_7f8172-67.kb-button, ul.menu .wp-block-kadence-advancedbtn .kb-btn1621_7f8172-67.kb-button{width:147px;}<\/style><span class=\"kb-button kt-button button kb-btn1621_7f8172-67 kt-btn-size-standard kt-btn-width-type-fixed kb-btn-global-inherit  kt-btn-has-text-true kt-btn-has-svg-false  wp-block-button__link wp-block-kadence-singlebtn\"><span class=\"kt-btn-inner-text\">Se mit CV<\/span><\/span><\/div>\n<\/div><\/div>\n\n\n<style>.kadence-column1621_ec9fcf-b9 > .kt-inside-inner-col{min-height:480px;}.kadence-column1621_ec9fcf-b9 > .kt-inside-inner-col,.kadence-column1621_ec9fcf-b9 > .kt-inside-inner-col:before{border-top-left-radius:0px;border-top-right-radius:0px;border-bottom-right-radius:0px;border-bottom-left-radius:0px;}.kadence-column1621_ec9fcf-b9 > .kt-inside-inner-col{column-gap:var(--global-kb-gap-sm, 1rem);}.kadence-column1621_ec9fcf-b9 > .kt-inside-inner-col{flex-direction:column;}.kadence-column1621_ec9fcf-b9 > .kt-inside-inner-col > .aligncenter{width:100%;}.kadence-column1621_ec9fcf-b9 > .kt-inside-inner-col{background-image:url('https:\/\/xn--etarbejdsdomne-cjb.dk\/wp-content\/uploads\/2023\/09\/JACOB.jpeg');background-size:contain;background-position:60% 54%;background-attachment:scroll;background-repeat:no-repeat;}.kadence-column1621_ec9fcf-b9 > .kt-inside-inner-col:before{opacity:0.3;}.kadence-column1621_ec9fcf-b9{position:relative;}@media all and (max-width: 1024px){.kadence-column1621_ec9fcf-b9 > .kt-inside-inner-col{flex-direction:column;justify-content:center;}}@media all and (max-width: 767px){.kadence-column1621_ec9fcf-b9 > .kt-inside-inner-col{flex-direction:column;justify-content:center;}}<\/style>\n<div class=\"wp-block-kadence-column kadence-column1621_ec9fcf-b9\"><div class=\"kt-inside-inner-col\"><\/div><\/div>\n\n<\/div><\/div>","protected":false},"excerpt":{"rendered":"<p>Om Jacob Lahn Jeg har siden mine uddannelser altid tegnet haver og anl\u00e6g, og efter bedste hukommelse er der blevet lavet mere end 300 stk. unikke havetegninger igennem \u00e5rene. Jeg g\u00f8r mig altid umage med at finde individuelle l\u00f8sninger, som passer netop til haven og kundens \u00f8nsker, og har altid en t\u00e6t dialog med udformning&#8230;<\/p>\n","protected":false},"author":1,"featured_media":0,"parent":0,"menu_order":0,"comment_status":"closed","ping_status":"closed","template":"","meta":{"_kadence_starter_templates_imported_post":false,"_kad_post_transparent":"","_kad_post_title":"","_kad_post_layout":"","_kad_post_sidebar_id":"","_kad_post_content_style":"","_kad_post_vertical_padding":"","_kad_post_feature":"","_kad_post_feature_position":"","_kad_post_header":false,"_kad_post_footer":false,"footnotes":""},"class_list":["post-1621","page","type-page","status-publish","hentry"],"yoast_head":"<!-- This site is optimized with the Yoast SEO plugin v26.8 - https:\/\/yoast.com\/product\/yoast-seo-wordpress\/ -->\n<title>Om Jacob Lahn - jacoblahn.dk<\/title>\n<meta name=\"robots\" content=\"index, follow, max-snippet:-1, max-image-preview:large, max-video-preview:-1\" \/>\n<link rel=\"canonical\" href=\"https:\/\/jacoblahn.dk\/?page_id=1621\" \/>\n<meta property=\"og:locale\" content=\"da_DK\" \/>\n<meta property=\"og:type\" content=\"article\" \/>\n<meta property=\"og:title\" content=\"Om Jacob Lahn - jacoblahn.dk\" \/>\n<meta property=\"og:description\" content=\"Om Jacob Lahn Jeg har siden mine uddannelser altid tegnet haver og anl\u00e6g, og efter bedste hukommelse er der blevet lavet mere end 300 stk. unikke havetegninger igennem \u00e5rene. Jeg g\u00f8r mig altid umage med at finde individuelle l\u00f8sninger, som passer netop til haven og kundens \u00f8nsker, og har altid en t\u00e6t dialog med udformning...\" \/>\n<meta property=\"og:url\" content=\"https:\/\/jacoblahn.dk\/?page_id=1621\" \/>\n<meta property=\"og:site_name\" content=\"jacoblahn.dk\" \/>\n<meta property=\"article:modified_time\" content=\"2024-05-07T10:24:11+00:00\" \/>\n<meta name=\"twitter:card\" content=\"summary_large_image\" \/>\n<meta name=\"twitter:label1\" content=\"Estimeret l\u00e6setid\" \/>\n\t<meta name=\"twitter:data1\" content=\"1 minut\" \/>\n<script type=\"application\/ld+json\" class=\"yoast-schema-graph\">{\"@context\":\"https:\/\/schema.org\",\"@graph\":[{\"@type\":\"WebPage\",\"@id\":\"https:\/\/jacoblahn.dk\/?page_id=1621\",\"url\":\"https:\/\/jacoblahn.dk\/?page_id=1621\",\"name\":\"Om Jacob Lahn - jacoblahn.dk\",\"isPartOf\":{\"@id\":\"https:\/\/jacoblahn.dk\/#website\"},\"datePublished\":\"2023-09-25T10:15:45+00:00\",\"dateModified\":\"2024-05-07T10:24:11+00:00\",\"breadcrumb\":{\"@id\":\"https:\/\/jacoblahn.dk\/?page_id=1621#breadcrumb\"},\"inLanguage\":\"da-DK\",\"potentialAction\":[{\"@type\":\"ReadAction\",\"target\":[\"https:\/\/jacoblahn.dk\/?page_id=1621\"]}]},{\"@type\":\"BreadcrumbList\",\"@id\":\"https:\/\/jacoblahn.dk\/?page_id=1621#breadcrumb\",\"itemListElement\":[{\"@type\":\"ListItem\",\"position\":1,\"name\":\"Hjem\",\"item\":\"https:\/\/jacoblahn.dk\/\"},{\"@type\":\"ListItem\",\"position\":2,\"name\":\"Om Jacob Lahn\"}]},{\"@type\":\"WebSite\",\"@id\":\"https:\/\/jacoblahn.dk\/#website\",\"url\":\"https:\/\/jacoblahn.dk\/\",\"name\":\"jacoblahn.dk\",\"description\":\"Din lokale anl&aelig;gsgartner\",\"potentialAction\":[{\"@type\":\"SearchAction\",\"target\":{\"@type\":\"EntryPoint\",\"urlTemplate\":\"https:\/\/jacoblahn.dk\/?s={search_term_string}\"},\"query-input\":{\"@type\":\"PropertyValueSpecification\",\"valueRequired\":true,\"valueName\":\"search_term_string\"}}],\"inLanguage\":\"da-DK\"}]}<\/script>\n<!-- \/ Yoast SEO plugin. -->","yoast_head_json":{"title":"Om Jacob Lahn - jacoblahn.dk","robots":{"index":"index","follow":"follow","max-snippet":"max-snippet:-1","max-image-preview":"max-image-preview:large","max-video-preview":"max-video-preview:-1"},"canonical":"https:\/\/jacoblahn.dk\/?page_id=1621","og_locale":"da_DK","og_type":"article","og_title":"Om Jacob Lahn - jacoblahn.dk","og_description":"Om Jacob Lahn Jeg har siden mine uddannelser altid tegnet haver og anl\u00e6g, og efter bedste hukommelse er der blevet lavet mere end 300 stk. unikke havetegninger igennem \u00e5rene. Jeg g\u00f8r mig altid umage med at finde individuelle l\u00f8sninger, som passer netop til haven og kundens \u00f8nsker, og har altid en t\u00e6t dialog med udformning...","og_url":"https:\/\/jacoblahn.dk\/?page_id=1621","og_site_name":"jacoblahn.dk","article_modified_time":"2024-05-07T10:24:11+00:00","twitter_card":"summary_large_image","twitter_misc":{"Estimeret l\u00e6setid":"1 minut"},"schema":{"@context":"https:\/\/schema.org","@graph":[{"@type":"WebPage","@id":"https:\/\/jacoblahn.dk\/?page_id=1621","url":"https:\/\/jacoblahn.dk\/?page_id=1621","name":"Om Jacob Lahn - jacoblahn.dk","isPartOf":{"@id":"https:\/\/jacoblahn.dk\/#website"},"datePublished":"2023-09-25T10:15:45+00:00","dateModified":"2024-05-07T10:24:11+00:00","breadcrumb":{"@id":"https:\/\/jacoblahn.dk\/?page_id=1621#breadcrumb"},"inLanguage":"da-DK","potentialAction":[{"@type":"ReadAction","target":["https:\/\/jacoblahn.dk\/?page_id=1621"]}]},{"@type":"BreadcrumbList","@id":"https:\/\/jacoblahn.dk\/?page_id=1621#breadcrumb","itemListElement":[{"@type":"ListItem","position":1,"name":"Hjem","item":"https:\/\/jacoblahn.dk\/"},{"@type":"ListItem","position":2,"name":"Om Jacob Lahn"}]},{"@type":"WebSite","@id":"https:\/\/jacoblahn.dk\/#website","url":"https:\/\/jacoblahn.dk\/","name":"jacoblahn.dk","description":"Din lokale anl&aelig;gsgartner","potentialAction":[{"@type":"SearchAction","target":{"@type":"EntryPoint","urlTemplate":"https:\/\/jacoblahn.dk\/?s={search_term_string}"},"query-input":{"@type":"PropertyValueSpecification","valueRequired":true,"valueName":"search_term_string"}}],"inLanguage":"da-DK"}]}},"_links":{"self":[{"href":"https:\/\/jacoblahn.dk\/index.php?rest_route=\/wp\/v2\/pages\/1621","targetHints":{"allow":["GET"]}}],"collection":[{"href":"https:\/\/jacoblahn.dk\/index.php?rest_route=\/wp\/v2\/pages"}],"about":[{"href":"https:\/\/jacoblahn.dk\/index.php?rest_route=\/wp\/v2\/types\/page"}],"author":[{"embeddable":true,"href":"https:\/\/jacoblahn.dk\/index.php?rest_route=\/wp\/v2\/users\/1"}],"replies":[{"embeddable":true,"href":"https:\/\/jacoblahn.dk\/index.php?rest_route=%2Fwp%2Fv2%2Fcomments&post=1621"}],"version-history":[{"count":5,"href":"https:\/\/jacoblahn.dk\/index.php?rest_route=\/wp\/v2\/pages\/1621\/revisions"}],"predecessor-version":[{"id":2112,"href":"https:\/\/jacoblahn.dk\/index.php?rest_route=\/wp\/v2\/pages\/1621\/revisions\/2112"}],"wp:attachment":[{"href":"https:\/\/jacoblahn.dk\/index.php?rest_route=%2Fwp%2Fv2%2Fmedia&parent=1621"}],"curies":[{"name":"wp","href":"https:\/\/api.w.org\/{rel}","templated":true}]}}